t n be c(-1). Suppose -3*k - 111 = -3*f - 0*k, 5*f - 3*k = n. Is f a composite number?
True
Let i(q) = -q**3 - 10*q**2 + 11*q. Let x be i(-11). Suppose x = -o - 2*b + 5537, -3*o + 3*b + 16651 = -b. Let f = o - 3396. Is f prime?
False
Let y be -8 + 9 + -1 + 0. Suppose 387 - 2092 = -5*g - 4*z, y = 4*g - 3*z - 1333. Is g a composite number?
False
Let h = -6 - -9. Let q be (10/h)/((-16)/(-24)). Suppose 2*o - 3*o + p + 16 = 0, q*o - 115 = -2*p. Is o prime?
False
Suppose -2*k + 2716 = 2*k - 4*f, 2*f + 3410 = 5*k. Is k - (-2 + (-2 - -4 - 1)) composite?
True
Let t(o) = -41*o + 5. Let l be t(-5). Let q = l + 57. Is q composite?
True
Let a(l) = 793*l + 2. Let v be a(1). Suppose -3*i = 2*g + 612 - 3065, 5*g + v = i. Is i a prime number?
False
Suppose 0 = -2*s + 19 + 33. Let l be 0/(((-3)/9)/(6/(-18))). Suppose l*o - s = -o. Is o a composite number?
True
Let q = 15 - 12. Suppose 3*d - 10 = -5*t, 20 = 5*t - 4*t - q*d. Suppose -4*y + 20 = 0, t + 20 = 2*k + y. Is k a composite number?
True
Suppose -t + 10 + 2 = 0. Suppose -5*k = -t + 2. Suppose -g + 6*o - 3*o + 67 = 0, o - 134 = -k*g. Is g a composite number?
False
Suppose 0*a - 16*a + 63824 = 0. Is a a composite number?
False
Suppose -3 = -i - 3*f - 0*f, f + 77 = 4*i. Let s be 43/9 + 4/i. Suppose -3*w + 345 = -u, 0*u + 3*u - 575 = -s*w. Is w a composite number?
True
Let r = -11 + 8. Let x be (4/r)/((-6)/117). Is 2162/x + (-4)/26 composite?
False
Let a be (-102)/((-3 + 32/12)*3). Let f = a + -45. Is f a prime number?
False
Is ((-59820)/5)/(-3) - -1 composite?
False
Let m = 107248 - 51967. Is m composite?
True
Let p = 3 + 5. Let b be (p/10)/(8/20). Is b/(-10) + (-572)/(-10) a prime number?
False
Let i = 5042 - 1075. Is i prime?
True
Suppose -14*d = -4*d + 40. Is 5146*((-22)/d - 5) a prime number?
False
Let r = 68 + 227. Suppose 2*v = -t + 2*t + r, -4*v = -3*t - 595. Suppose 0 = -0*j - j + v. Is j composite?
True
Let d = 4874 + 3413. Is d a composite number?
False
Let i = 12 + 0. Let o = 18 - i. Suppose -510 = -4*z + o. Is z a composite number?
True
Suppose 5*m - 218 = 17. Suppose -3*u = m - 269. Is u composite?
True
Is ((-113548)/2)/(43/((-688)/32)) prime?
True
Let c = -10 - -16. Suppose -5*m = -7*m + c. Suppose -480 = -4*z + r, z + m*z - 4*r = 492. Is z prime?
False
Suppose -5*j - 4 = -2*i, -5*j - 4 = -3*i + 2. Suppose k + 4*m - 307 = -j*m, 0 = 3*m. Is k a composite number?
False
Suppose 0 = -4*w + 3*o + 8995, 5*w - o - 11249 = o. Is w composite?
False
Let w(l) = -6 - l - 3*l + 5*l**2 - 2*l**2. Is w(-5) composite?
False
Suppose j = 2*r + 3*r, 2*r = 0. Let y(q) = -q + 4. Let x be y(j). Is 3*x*498/24 composite?
True
Let h = 7 - 9. Is h + -4 + 5 + 468 prime?
True
Suppose -13 = 3*m - 40. Is 24/m - 4/24*-2 a composite number?
False
Suppose 62*v + 1982547 = 71*v. Is v prime?
False
Let r = 56 + -52. Is (1623/r)/((-11)/((-264)/18)) composite?
False
Let s = -4067 - -6644. Suppose -7*y + 622 = -s. Is y composite?
False
Let t(z) = 504*z - 719. Is t(18) a composite number?
False
Let o(r) = -690*r + 158. Is o(-14) a prime number?
False
Suppose 0 = v, -2*w - 275 = 3*w + 4*v. Suppose -474 = -10*h + 7*h. Let a = h + w. Is a prime?
True
Is (-7953*4/(-24))/(2/4) a prime number?
False
Let w(c) = -c**3 + c**2 - c + 5. Let g be 2/11 + 4/(-22). Let a be w(g). Suppose -u - 10 + 225 = a*k, -2*k - 406 = -2*u. Is u a prime number?
False
Let z(t) = -t - 1. Let n(o) = -o - 19. Let k(y) = -n(y) - z(y). Let m be k(-9). Suppose -5*u + 5*f = -290, 5 = u - m*f - 54. Is u a prime number?
False
Suppose -4*x = 120 - 144. Is 1735 - ((7 - x) + (2 - 1)) a prime number?
True
Let w = -24223 + 45806. Is w a composite number?
True
Let g = 220 - 154. Let z = g - 47. Is z composite?
False
Suppose 0 = -2*v - 2*r + 302, r + 143 = -3*v + 4*v. Let s(m) = m**3 + 3*m**2 + 3. Let o be s(-3). Suppose 6*d = o*d + v. Is d a composite number?
True
Let o = -20108 - -44612. Suppose o = s + 3*s - 4*p, -5*s + 4*p + 30635 = 0. Is s prime?
True
Let b(d) = -2*d**3 + 3*d**2 + 2*d - 4. Let m be b(2). Is 372 - m/1 - -1 prime?
False
Let x(t) = 2*t + 25*t**2 - 8 + 15 + t. Is x(-3) a composite number?
False
Is 3437 - 4/8*8 a composite number?
False
Let m(u) = 26*u + 11*u**3 - u**3 - 23*u + 3*u**3 - 2 - u**2. Is m(1) a prime number?
True
Let g(z) = -z + 15. Let s be g(11). Suppose 0 = -s*f + 125 + 767. Is f a prime number?
True
Suppose -73157 - 417892 = -27*z. Is z prime?
False
Suppose 3*t + 3*g = 6, t - 6 - 1 = -2*g. Is (-21965)/(-69) - 2/t a composite number?
True
Let s(k) = -64*k - 29. Let v be (2/6)/((20/(-84))/5). Is s(v) composite?
False
Let k(a) = a**2 + 5*a + 6. Let g be k(-4). Suppose -2*b + 466 - 133 = 5*r, g*b - 266 = -4*r. Is r a prime number?
True
Let h = -2 + 12. Let g = -22 + 22. Suppose g = -5*s - h, -5*f - 3*s + 79 = -5*s. Is f a prime number?
False
Suppose -36*x + 9*x + 72063 = 0. Is x a prime number?
False
Suppose -2*b + 5*x - 47 - 63 = 0, 0 = -2*b + 4*x - 112. Let a = 251 - 82. Let k = a + b. Is k prime?
True
Suppose -5*m = -a + 2*a - 777, -3*m - 1489 = -2*a. Let r = 37 + a. Is r a composite number?
True
Let k(p) = -4*p. Let z be k(-3). Suppose 1338 = z*t - 10*t. Is t composite?
True
Suppose 0*y + 4*n = -4*y + 4, 0 = 5*n + 10. Suppose 7*b - 396 = y*b. Let l = -22 + b. Is l a prime number?
False
Let h = 12 + 33. Suppose -2*o + 588 = 5*y, y + 0*y + 848 = 3*o. Suppose o = z + h. Is z composite?
False
Suppose -64*i + 65*i = 4757. Is i a prime number?
False
Suppose 4*v - 44 = 16. Suppose 5*t - 10 = v. Suppose 435 = t*s - r, -3*s - 4*r - 95 = -333. Is s a composite number?
True
Let s be ((-165)/20)/((-2)/(-8)). Let r = s + 41. Suppose 5*g + 5 = 0, 3*g - r*g = 2*m - 63. Is m composite?
True
Is (-2)/4 + (-5454195)/(-34) a prime number?
False
Let k = 22 + -22. Suppose k = -2*t + 5*l + 1417, -5*t = -0*l + 4*l - 3493. Is t a composite number?
False
Suppose -3*x = -5*p + 12 + 4, 3*p = 5*x + 16. Is (x + (-2238)/(-4))*2 prime?
False
Is (-2 - -1585)/(0 + 3/9) a prime number?
False
Suppose -893 = -2*k + 273. Is k composite?
True
Is (-18101)/(-161) + 8/14 a prime number?
True
Is (-320428)/(-4) + 4/2 + 2 composite?
False
Suppose 4*j + 5*w - 34029 = 0, -1472 = -j - 3*w + 7044. Is j a composite number?
False
Suppose 196*n + 82952 = 204*n. Is n composite?
False
Suppose -67*z + 2280684 + 1492153 = 0. Is z a composite number?
False
Suppose 4*c + 4744 = 4*s, -2*c - 3*s = -0*c + 2392. Let r = -235 - c. Suppose 2*q + 5*n = 4*n + r, -3*n = 4*q - 1907. Is q a composite number?
False
Let y(m) = m + 5. Let s be y(3). Let v(o) = 10*o**2 + 8*o + 3. Is v(s) a prime number?
False
Suppose 3*i + 9 = 60. Let n = -22 + i. Is 5*(-7)/n*2 a prime number?
False
Let t(n) = -183*n**2 + 1. Let x be t(-2). Let g(i) = 1293*i**2 + 1. Let v be g(1). Let f = x + v. Is f a prime number?
True
Let a = -119737 + 180230. Is a composite?
False
Let t = 8994 + -5301. Let k = -1766 + t. Is k a composite number?
True
Suppose -6*m + 3437 + 745 = 0. Is m composite?
True
Suppose -t + 2115 = 409. Suppose 6*l - t = 232. Is l prime?
False
Let g = 48 + -41. Is (-1)/g - (-13976)/28 prime?
True
Suppose 27*p + 2 = 28*p. Is (p - 2)/3 - -233 a prime number?
True
Let h(t) = 142*t + 4 + 1 - 147*t + 87*t**3 - 2*t**2. Is h(3) a prime number?
False
Let j = 1617 - 548. Is j composite?
False
Let j = -636 - 704. Is 3 + (-3 - 3) - j prime?
False
Let a(k) = -6*k + 4. Let j be a(-2). Let v = -14 + j. Suppose -5*h = 6 + 4, 0 = 2*n + v*h - 1362. Is n a prime number?
True
Let w be (1779 - 3) + 3 - 0. Let x = w - 140. Is x prime?
False
Let c(k) = 2*k**2 - 9*k. Let x be c(5). Let w = x - -11. Suppose -3*h + 437 = q, 0 = h + 3*q - w - 135. Is h a composite number?
True
Suppose 5*g = g + 8, 5*g = 4*l - 59826. Is l composite?
True
Let w = 37 + -21. Suppose p - y = 4*p - w, p = 3*y + 22. Let i(t) = 3*t**2 - 8*t + 3. Is i(p) composite?
True
Let y(z) = 2 - 1 - 16*z + 0*z. Let b(r) = -18*r + 79. Let x be b(5). Is y(x) prime?
False
Suppose 71*x - 64*x = 82439. Is x prime?
True
Let x be 92/20 + 2/5. Let z(p) = 114*p + 1. Let j be z(x). Suppose 5*o - 1916 = -j. Is o a prime number?
True
Let z be (-30)/(-7) + (-26)/91. Is ((-2)/4)/(z/(-4328)) a composite number?
False
Is 102204/((-99)/(-11)) + 10 prime?
False
Let a(p) = -p - 8. Let q be a(-8). Suppose 6*y - 9*y + 8985 = q. Is y a prime number?
False
Let w be (0 - 5) + 2 + -2. Let m(n) = 20*n**2 + 15